t m = 8 - 0. Calculate the greatest common divisor of m and 4.
4
Let j(p) = p**3 - 2*p**2 + 8*p + 6. Let d be j(6). What is the greatest common factor of d and 18?
18
Suppose r - 3*r = 0. Suppose -3*h = -5*o - 14, -h + 3*o - 2 = -r. Suppose 2*d + h = 59. What is the greatest common factor of d and 207?
23
Let v(b) = b**2 + 7*b + 7. Let n be v(-4). Let x(y) = -2*y**2 - y + 1. Let g be x(-3). Let m = n - g. What is the greatest common factor of 18 and m?
9
Let q be ((-2)/(-2))/(5/240). What is the greatest common factor of 16 and q?
16
Let o be ((-3)/(-1))/((-30)/(-40)). Suppose 72 - 472 = -o*x. What is the highest common factor of x and 10?
10
Let i(c) be the third derivative of -c**5/60 - 11*c**4/24 - 11*c**3/6 + 2*c**2. Let h be i(-9). What is the highest common divisor of 56 and h?
7
Let t(a) = a**3 + 6*a**2 + 5*a. Let w be t(-5). Let n = 2 - w. Calculate the greatest common factor of 14 and n.
2
Suppose 2*s - 114 = -4*d, -3*d + 88 = s - 0*s. Suppose 307 = -4*t + d. Let o = -29 - t. Calculate the greatest common divisor of 8 and o.
8
Suppose -36 = -4*c + c + 3*x, -3*c - 2*x = -11. Let r = c - -11. Let t be 3 - 0/(-1) - 1. Calculate the highest common factor of r and t.
2
Suppose z = -s + 1, 2*z = 5*s - 13 - 6. Suppose -g + 13 = q, 0 = -4*g + 4*q - 13 + 57. Calculate the greatest common factor of s and g.
3
Suppose s - 10 = -5*c, -4*s + 8 = 5*c + 13. Suppose -d + 2 + 7 = 0. What is the greatest common divisor of d and c?
3
Let g(q) = q**3 - 7*q**2 + 7*q + 6. Let z be g(7). What is the greatest common divisor of 22 and z?
11
Suppose 39 = 4*p - 13. What is the greatest common factor of 52 and p?
13
Suppose -3*o + 255 = 2*k, 319 + 56 = 3*k + 3*o. What is the highest common divisor of 24 and k?
24
Let n = 286 + -143. What is the greatest common divisor of 13 and n?
13
Let o(t) = t**2 - 15*t - 21. Let x be o(-13). What is the highest common divisor of x and 49?
49
Suppose 133 = 6*w + 43. Let i = -11 + w. What is the highest common divisor of 28 and i?
4
Suppose -7*f + 13 = -85. Calculate the highest common divisor of 14 and f.
14
Let k(j) = 36*j**2 + 3*j - 10. Let v be k(2). Calculate the highest common divisor of v and 56.
28
Suppose 465 = 4*n - 3*k, -2 = 3*k - 5*k. Let y be 26/4*(4 - 2). What is the greatest common factor of y and n?
13
Suppose 5*c + f - 39 - 6 = 0, -5*c + 4*f + 70 = 0. Suppose 0 = z + b - 33 - 11, 5*z - 5*b - 180 = 0. Calculate the highest common divisor of z and c.
10
Let l = 28 - 6. Suppose 0 = -3*b, b = -0*t - 5*t + 330. What is the highest common divisor of t and l?
22
Suppose -4*l - 5 = -5*l, f + 4*l = 160. Let x = 46 - -10. What is the highest common divisor of f and x?
28
Let v = 210 + -153. Calculate the highest common factor of v and 38.
19
Suppose 8 + 18 = 2*g. Let k = g - 0. What is the highest common divisor of 13 and k?
13
Suppose 0 = d - l - 12, -18 = -4*d + 2*d - l. What is the greatest common divisor of d and 30?
10
Let i = 32 - -107. Suppose -4*v = 5*t - 2*v - i, 5*v + 17 = t. Let k = 40 - t. Calculate the highest common factor of k and 52.
13
Suppose 0 = -b + x + 3*x + 19, -76 = -4*b - 4*x. Let v = 102 + -7. Calculate the greatest common divisor of v and b.
19
Suppose -u = -6*u + 60. Let o be (-5)/(-10) - (-14)/4. Calculate the highest common factor of u and o.
4
Let y(t) = 2*t**3 + 3*t**2 - t - 2. Suppose 3*d - 8 = -d. Let r be y(d). Suppose -31 - 89 = -2*k. Calculate the highest common divisor of r and k.
12
Suppose -3*c - 39 = -2*f, -41 = 3*f - 6*f + c. Calculate the greatest common factor of f and 36.
12
Suppose j + s - 2 = 0, 4*j = -3*s + 4*s + 28. Let q(v) = v + 8. Let h be q(j). What is the highest common factor of 14 and h?
14
Let o(r) = r**2 + 14*r + 28. Let f be o(-14). Suppose -5*w + 104 + 106 = 0. Calculate the greatest common divisor of f and w.
14
Suppose -5*k + 8*b + 15 = 4*b, 3*k + 5*b = 9. Let m be 1/(k*(-2)/(-450)). What is the greatest common factor of m and 30?
15
Let y(v) be the first derivative of -v**4/4 - 4*v**3/3 + 2*v**2 - 3*v + 1. Let p be y(-5). Calculate the greatest common divisor of 1 and p.
1
Let g be ((-10)/3 + 2)*-6. Suppose -3*r = -r - g. What is the highest common divisor of 1 and r?
1
Let j = 17 + -17. Let o be (-1 - j)*(-6)/2. What is the highest common divisor of o and 27?
3
Suppose -3*p - 6*l + 3*l + 78 = 0, 5*p - 109 = 2*l. Suppose -113 = -3*m - p. Calculate the greatest common divisor of 20 and m.
10
Suppose 47*l - 60 = 42*l. Suppose -5*z - 78 = -228. Calculate the greatest common divisor of l and z.
6
Let t = 41 + 24. Suppose 2*a + 5*w - 130 = 0, a + 2*w - t = -0*a. What is the highest common divisor of 26 and a?
13
Let o(c) = -c**3 - 7*c**2 - 8*c - 2. Let j be -2*3 + (-1 - -1). Let s be o(j). Suppose b + 1 - s = 0. Calculate the highest common factor of 18 and b.
9
Suppose -5*z + 400 = -0*z. Suppose 2*o = -3*o + z. Suppose 0 = -3*a - 5*l + 311, 5*l - 20 = 2*a - 269. Calculate the highest common factor of a and o.
16
Suppose -4*c = -c - 84. Let g(u) = -u + 1. Let i be g(-5). Suppose 4*h - 10 = i. What is the highest common divisor of h and c?
4
Suppose -15 = -2*f - 5. Suppose w = 2*x + 2*x - 96, 5 = x - f*w. Calculate the highest common divisor of 10 and x.
5
Suppose -2*i + 16 = 8. Calculate the greatest common factor of 10 and i.
2
Suppose 0*t - 2*t = -52. Calculate the greatest common divisor of t and 65.
13
Suppose j = -3 + 18. Calculate the greatest common factor of 105 and j.
15
Let w(a) = -70*a + 1. Let d be w(-1). Let p = d - 43. Calculate the greatest common factor of 28 and p.
28
Let q(u) = -u**3 - 7*u**2 + 3*u - 8. Suppose -4*f - 3*w + 23 - 70 = 0, -w - 5 = 0. Let z be q(f). What is the highest common divisor of z and 80?
16
Let j be (1 - 2/3) + (-45)/(-27). Let g be (-10)/3*(-96)/20. What is the highest common divisor of g and j?
2
Suppose 3*q - 6 = 15. Calculate the greatest common factor of 7 and q.
7
Suppose -j + 27 = -0*j. Calculate the greatest common divisor of 3 and j.
3
Let r = -45 + 19. Let p be 20*r*(-3)/24. Let q = 307 - p. Calculate the greatest common factor of 22 and q.
22
Let f(l) = 6*l**2 - 7*l + 2. Let u be f(6). Calculate the highest common divisor of u and 16.
16
Let s = -28 - -44. What is the greatest common divisor of s and 12?
4
Let m be (-774)/(-14) - 16/56. Calculate the highest common factor of 11 and m.
11
Let t = 201 + 267. What is the greatest common factor of 52 and t?
52
Suppose 4*o - 90 = -2*l - 0*l, 4*o - 87 = -l. Let g = o + -1. What is the highest common divisor of g and 160?
20
Let w = 113 + -111. What is the highest common divisor of w and 6?
2
Suppose 0 = -s + 20 + 8. Let t be 2/6 - s/(-6). What is the highest common divisor of 15 and t?
5
Suppose 25 = 5*q, -2*c = -0*c - 3*q - 5. What is the highest common factor of c and 10?
10
Suppose -r - o + 28 = 9, 4*r - 5*o - 94 = 0. Calculate the greatest common divisor of 3 and r.
3
Let m = -26 + 36. Suppose -4*x = 38 - m. Let r(v) = -v**2 - 7*v + 1. Let b be r(x). What is the highest common factor of b and 4?
1
Suppose 3*o - 5*l - 9 = 0, 2*l + 3*l = o - 13. Let b be (-4)/(-2) - (o + -6). Let i(z) = z + 5. Let t be i(5). Calculate the greatest common factor of t and b.
10
Let w(t) = 12*t**2. Let x be w(2). What is the greatest common divisor of x and 144?
48
Suppose 3*q = 2 + 76. Suppose 4*o - 5 = -o. Let g be (o - 12)/(-1) + 2. What is the highest common factor of q and g?
13
Suppose -184 = i - 4*i + 2*p, 4*i - 5*p = 250. What is the greatest common factor of 12 and i?
12
Suppose -m = 2*m + j - 363, -5*j + 15 = 0. Let w(u) = u**3 - 6*u**2 + 3*u - 3. Let s be w(6). Calculate the greatest common divisor of m and s.
15
Let y(r) = r**3 + 3*r**2 - 11*r + 4. Let h be y(4). Let o = -13 - -31. Calculate the greatest common divisor of o and h.
18
Suppose -3*x - 4*a = -122, -x = 2*x + 2*a - 124. What is the highest common divisor of x and 28?
14
Let y(b) = b**2 - 5*b + 4. Let i be y(4). Suppose i = -2*m + 6 + 30. Suppose -4*n + 30 = -6. What is the greatest common factor of n and m?
9
Suppose 2*r = 7*r. Let d = r - -2. Suppose -w + 4*w + 5*i = -1, d = 4*w + 5*i. What is the greatest common factor of 2 and w?
1
Suppose -3*k = 5*f - 343, 6*f - 2*f - 4*k - 268 = 0. What is the highest common divisor of f and 17?
17
Let i(g) = -g + 80. Let o be i(0). Let b be (-6)/(-15) - 18/(-5). Suppos